{"id":2199,"date":"2024-08-26T18:32:36","date_gmt":"2024-08-26T16:32:36","guid":{"rendered":"https:\/\/kolmlovitrykikeskus.ee\/?page_id=2199"},"modified":"2024-12-13T09:28:49","modified_gmt":"2024-12-13T07:28:49","slug":"plastikust-numbrid","status":"publish","type":"page","link":"https:\/\/kolmlovitrykikeskus.ee\/?page_id=2199","title":{"rendered":"Plastikust numbrid"},"content":{"rendered":"<h1>Plastikust numbrid ja garderoobinumbrid<\/h1>\n<h2>Laserl\u00f5ikus<\/h2>\n<p>Laseriga saab l\u00f5igata v\u00e4ga t\u00e4pselt erinevaid materjale ja samuti neile peale graveerida.<\/p>\n<p><img loading=\"lazy\" decoding=\"async\" class=\"alignnone wp-image-2206\" src=\"https:\/\/kolmlovitrykikeskus.ee\/wp-content\/uploads\/2024\/08\/laserloikus-300x250.jpg\" alt=\"\" width=\"419\" height=\"349\" srcset=\"https:\/\/kolmlovitrykikeskus.ee\/wp-content\/uploads\/2024\/08\/laserloikus-300x250.jpg 300w, https:\/\/kolmlovitrykikeskus.ee\/wp-content\/uploads\/2024\/08\/laserloikus.jpg 520w\" sizes=\"auto, (max-width: 419px) 100vw, 419px\" \/>\u00a0 <img loading=\"lazy\" decoding=\"async\" class=\"alignnone wp-image-2205\" src=\"https:\/\/kolmlovitrykikeskus.ee\/wp-content\/uploads\/2024\/08\/protyyp-puit-300x225.jpg\" alt=\"\" width=\"465\" height=\"349\" srcset=\"https:\/\/kolmlovitrykikeskus.ee\/wp-content\/uploads\/2024\/08\/protyyp-puit-300x225.jpg 300w, https:\/\/kolmlovitrykikeskus.ee\/wp-content\/uploads\/2024\/08\/protyyp-puit.jpg 520w\" sizes=\"auto, (max-width: 465px) 100vw, 465px\" \/><br \/>\n<em>Saame graveerida keemiliselt metallile. L\u00f5igata erinevaid materjale. \/ Puidule graveeritud head s\u00f5numid.<\/em><\/p>\n<p><img loading=\"lazy\" decoding=\"async\" class=\"alignnone wp-image-2204\" src=\"https:\/\/kolmlovitrykikeskus.ee\/wp-content\/uploads\/2024\/08\/prototyyp28-1-300x226.jpg\" alt=\"\" width=\"466\" height=\"351\" srcset=\"https:\/\/kolmlovitrykikeskus.ee\/wp-content\/uploads\/2024\/08\/prototyyp28-1-300x226.jpg 300w, https:\/\/kolmlovitrykikeskus.ee\/wp-content\/uploads\/2024\/08\/prototyyp28-1.jpg 520w\" sizes=\"auto, (max-width: 466px) 100vw, 466px\" \/> \u00a0<img loading=\"lazy\" decoding=\"async\" class=\"alignnone wp-image-2203\" src=\"https:\/\/kolmlovitrykikeskus.ee\/wp-content\/uploads\/2024\/08\/prototyyp27-1-300x249.jpg\" alt=\"\" width=\"421\" height=\"349\" srcset=\"https:\/\/kolmlovitrykikeskus.ee\/wp-content\/uploads\/2024\/08\/prototyyp27-1-300x249.jpg 300w, https:\/\/kolmlovitrykikeskus.ee\/wp-content\/uploads\/2024\/08\/prototyyp27-1.jpg 520w\" sizes=\"auto, (max-width: 421px) 100vw, 421px\" \/><br \/>\n<em>Laseriga l\u00f5igatud efektpaberist kaardid (erinevad v\u00e4rvid kokkukleebitud). \/ Paberkaardid v\u00f5i pakendi protot\u00fc\u00fcbid.<\/em><\/p>\n<p><img loading=\"lazy\" decoding=\"async\" class=\"alignnone wp-image-2200\" src=\"https:\/\/kolmlovitrykikeskus.ee\/wp-content\/uploads\/2024\/08\/plastikustkorterinumbrid.jpg\" alt=\"\" width=\"506\" height=\"249\" srcset=\"https:\/\/kolmlovitrykikeskus.ee\/wp-content\/uploads\/2024\/08\/plastikustkorterinumbrid.jpg 520w, https:\/\/kolmlovitrykikeskus.ee\/wp-content\/uploads\/2024\/08\/plastikustkorterinumbrid-300x148.jpg 300w\" sizes=\"auto, (max-width: 506px) 100vw, 506px\" \/><br \/>\n<em>Garderoobinumbrid erinevates suurustes, erineva disainiga.<\/em><\/p>\n<p>Hinnapakkumiseks vajame t\u00e4psemaid tehnilisi andmeid &#8211; kl\u00f5psa lahti <a href=\"https:\/\/kolmlovitrykikeskus.ee\/wp-content\/uploads\/2024\/08\/numbriteparing.pdf\">(PDF)<\/a> v\u00f5i <a href=\"https:\/\/kolmlovitrykikeskus.ee\/wp-content\/uploads\/2024\/08\/garderoobinr-paring.png\">(PNG).<\/a><br \/>\nPaberist prinditavad \u00fchekordsed garderoobinumbrid: vaata <span style=\"color: #0000ff;\"><a style=\"color: #0000ff;\" href=\"https:\/\/kolmlovitrykikeskus.ee\/?page_id=2389&amp;preview=true\">SIIT.<\/a><\/span><\/p>\n<h2>Nimesildid, rinnasildid plastikust<\/h2>\n<p><img loading=\"lazy\" decoding=\"async\" class=\"alignnone wp-image-2201\" src=\"https:\/\/kolmlovitrykikeskus.ee\/wp-content\/uploads\/2024\/08\/lasergraveering.jpg\" alt=\"\" width=\"514\" height=\"185\" srcset=\"https:\/\/kolmlovitrykikeskus.ee\/wp-content\/uploads\/2024\/08\/lasergraveering.jpg 520w, https:\/\/kolmlovitrykikeskus.ee\/wp-content\/uploads\/2024\/08\/lasergraveering-300x108.jpg 300w\" sizes=\"auto, (max-width: 514px) 100vw, 514px\" \/><br \/>\n<em>Rinnasildid, nimesildid plastikust alusel erinevates suurustes ja erineva disainiga.<\/em><\/p>\n<h2>Plastikust numbrid n\u00e4iteks korteritele<\/h2>\n<p><img loading=\"lazy\" decoding=\"async\" class=\"alignnone wp-image-2200 size-full\" src=\"https:\/\/kolmlovitrykikeskus.ee\/wp-content\/uploads\/2024\/08\/plastikustkorterinumbrid.jpg\" alt=\"\" width=\"520\" height=\"256\" srcset=\"https:\/\/kolmlovitrykikeskus.ee\/wp-content\/uploads\/2024\/08\/plastikustkorterinumbrid.jpg 520w, https:\/\/kolmlovitrykikeskus.ee\/wp-content\/uploads\/2024\/08\/plastikustkorterinumbrid-300x148.jpg 300w\" sizes=\"auto, (max-width: 520px) 100vw, 520px\" \/><\/p>\n<p>Harjatud alumiiniumi imitatsiooniga plastikust numbrid on v\u00f5imalik tellida kahepoolse teibiga.<br \/>\nHinnapakkumiseks vajame t\u00e4psemaid tehnilisi andmeid &#8211; kl\u00f5psa lahti <a href=\"https:\/\/kolmlovitrykikeskus.ee\/wp-content\/uploads\/2024\/08\/numbriteparing.pdf\">(PDF)<\/a> v\u00f5i <a href=\"https:\/\/kolmlovitrykikeskus.ee\/wp-content\/uploads\/2024\/08\/garderoobinr-paring.png\">(PNG).<\/a><br \/>\nKLEEBISEST numbreid vaata <span style=\"color: #0000ff;\"><a style=\"color: #0000ff;\" href=\"https:\/\/www.kohver.com\/\">Kohver.com<\/a><\/span> (POSTKASTI nr, KORTERI nr, UKSE nr, LAOnumeratsioon):<br \/>\nKLEEPT\u00c4HED, KLEEPNUMBRID komplektidena.<\/p>\n<h2>Firmanimed ustele, postkastidele jne.<\/h2>\n<p><img loading=\"lazy\" decoding=\"async\" class=\"alignnone wp-image-858 \" src=\"https:\/\/kolmlovitrykikeskus.ee\/wp-content\/uploads\/2024\/01\/uksesildid520.jpg\" alt=\"Plastik uksesilt\" width=\"528\" height=\"136\" srcset=\"https:\/\/kolmlovitrykikeskus.ee\/wp-content\/uploads\/2024\/01\/uksesildid520.jpg 520w, https:\/\/kolmlovitrykikeskus.ee\/wp-content\/uploads\/2024\/01\/uksesildid520-300x77.jpg 300w\" sizes=\"auto, (max-width: 528px) 100vw, 528px\" \/><\/p>\n<p>Firmanimed ustele, postkastidele jne &#8211; graveeritud \u00f5hukesele metalli imitatsiooniga plastikule.<br \/>\nV\u00f5imalik lisada tagak\u00fcljele liim.<\/p>\n","protected":false},"excerpt":{"rendered":"<p>Plastikust numbrid ja garderoobinumbrid Laserl\u00f5ikus Laseriga saab l\u00f5igata v\u00e4ga t\u00e4pselt erinevaid materjale ja samuti neile peale graveerida. \u00a0 Saame graveerida keemiliselt metallile. L\u00f5igata erinevaid materjale. [&#8230;]<\/p>\n","protected":false},"author":5,"featured_media":0,"parent":0,"menu_order":0,"comment_status":"closed","ping_status":"closed","template":"","meta":{"footnotes":""},"class_list":["post-2199","page","type-page","status-publish","hentry"],"yoast_head":"<!-- This site is optimized with the Yoast SEO plugin v27.5 - https:\/\/yoast.com\/product\/yoast-seo-wordpress\/ -->\n<title>Plastikust numbrid - Kolm L\u00f5vi Tr\u00fckikeskus<\/title>\n<meta name=\"description\" content=\"Plastikust numbrid tr\u00fckiteenused, prinditeenus, tr\u00fckiteenus, tr\u00fckk, print, kleebised, kleepsud garderoobinumbrid\" \/>\n<meta name=\"robots\" content=\"index, follow, max-snippet:-1, max-image-preview:large, max-video-preview:-1\" \/>\n<link rel=\"canonical\" href=\"https:\/\/kolmlovitrykikeskus.ee\/?page_id=2199\" \/>\n<meta property=\"og:locale\" content=\"et_EE\" \/>\n<meta property=\"og:type\" content=\"article\" \/>\n<meta property=\"og:title\" content=\"Plastikust numbrid - Kolm L\u00f5vi Tr\u00fckikeskus\" \/>\n<meta property=\"og:description\" content=\"Plastikust numbrid tr\u00fckiteenused, prinditeenus, tr\u00fckiteenus, tr\u00fckk, print, kleebised, kleepsud garderoobinumbrid\" \/>\n<meta property=\"og:url\" content=\"https:\/\/kolmlovitrykikeskus.ee\/?page_id=2199\" \/>\n<meta property=\"og:site_name\" content=\"Kolm L\u00f5vi Tr\u00fckikeskus\" \/>\n<meta property=\"article:publisher\" content=\"https:\/\/www.facebook.com\/kolmlovitrykikeskus\" \/>\n<meta property=\"article:modified_time\" content=\"2024-12-13T07:28:49+00:00\" \/>\n<meta property=\"og:image\" content=\"https:\/\/kolmlovitrykikeskus.ee\/wp-content\/uploads\/2024\/08\/laserloikus.jpg\" \/>\n\t<meta property=\"og:image:width\" content=\"520\" \/>\n\t<meta property=\"og:image:height\" content=\"433\" \/>\n\t<meta property=\"og:image:type\" content=\"image\/jpeg\" \/>\n<meta name=\"twitter:card\" content=\"summary_large_image\" \/>\n<meta name=\"twitter:label1\" content=\"Est. reading time\" \/>\n\t<meta name=\"twitter:data1\" content=\"3 minutit\" \/>\n<script type=\"application\/ld+json\" class=\"yoast-schema-graph\">{\"@context\":\"https:\\\/\\\/schema.org\",\"@graph\":[{\"@type\":\"WebPage\",\"@id\":\"https:\\\/\\\/kolmlovitrykikeskus.ee\\\/?page_id=2199\",\"url\":\"https:\\\/\\\/kolmlovitrykikeskus.ee\\\/?page_id=2199\",\"name\":\"Plastikust numbrid - Kolm L\u00f5vi Tr\u00fckikeskus\",\"isPartOf\":{\"@id\":\"https:\\\/\\\/kolmlovitrykikeskus.ee\\\/#website\"},\"primaryImageOfPage\":{\"@id\":\"https:\\\/\\\/kolmlovitrykikeskus.ee\\\/?page_id=2199#primaryimage\"},\"image\":{\"@id\":\"https:\\\/\\\/kolmlovitrykikeskus.ee\\\/?page_id=2199#primaryimage\"},\"thumbnailUrl\":\"https:\\\/\\\/kolmlovitrykikeskus.ee\\\/wp-content\\\/uploads\\\/2024\\\/08\\\/laserloikus-300x250.jpg\",\"datePublished\":\"2024-08-26T16:32:36+00:00\",\"dateModified\":\"2024-12-13T07:28:49+00:00\",\"description\":\"Plastikust numbrid tr\u00fckiteenused, prinditeenus, tr\u00fckiteenus, tr\u00fckk, print, kleebised, kleepsud garderoobinumbrid\",\"breadcrumb\":{\"@id\":\"https:\\\/\\\/kolmlovitrykikeskus.ee\\\/?page_id=2199#breadcrumb\"},\"inLanguage\":\"et\",\"potentialAction\":[{\"@type\":\"ReadAction\",\"target\":[\"https:\\\/\\\/kolmlovitrykikeskus.ee\\\/?page_id=2199\"]}]},{\"@type\":\"ImageObject\",\"inLanguage\":\"et\",\"@id\":\"https:\\\/\\\/kolmlovitrykikeskus.ee\\\/?page_id=2199#primaryimage\",\"url\":\"https:\\\/\\\/kolmlovitrykikeskus.ee\\\/wp-content\\\/uploads\\\/2024\\\/08\\\/laserloikus.jpg\",\"contentUrl\":\"https:\\\/\\\/kolmlovitrykikeskus.ee\\\/wp-content\\\/uploads\\\/2024\\\/08\\\/laserloikus.jpg\",\"width\":520,\"height\":433},{\"@type\":\"BreadcrumbList\",\"@id\":\"https:\\\/\\\/kolmlovitrykikeskus.ee\\\/?page_id=2199#breadcrumb\",\"itemListElement\":[{\"@type\":\"ListItem\",\"position\":1,\"name\":\"Home\",\"item\":\"https:\\\/\\\/kolmlovitrykikeskus.ee\\\/\"},{\"@type\":\"ListItem\",\"position\":2,\"name\":\"Plastikust numbrid\"}]},{\"@type\":\"WebSite\",\"@id\":\"https:\\\/\\\/kolmlovitrykikeskus.ee\\\/#website\",\"url\":\"https:\\\/\\\/kolmlovitrykikeskus.ee\\\/\",\"name\":\"Kolm L\u00f5vi Tr\u00fckikeskus\",\"description\":\"Leiame lahenduse!\",\"publisher\":{\"@id\":\"https:\\\/\\\/kolmlovitrykikeskus.ee\\\/#organization\"},\"potentialAction\":[{\"@type\":\"SearchAction\",\"target\":{\"@type\":\"EntryPoint\",\"urlTemplate\":\"https:\\\/\\\/kolmlovitrykikeskus.ee\\\/?s={search_term_string}\"},\"query-input\":{\"@type\":\"PropertyValueSpecification\",\"valueRequired\":true,\"valueName\":\"search_term_string\"}}],\"inLanguage\":\"et\"},{\"@type\":\"Organization\",\"@id\":\"https:\\\/\\\/kolmlovitrykikeskus.ee\\\/#organization\",\"name\":\"Kolm L\u00f5vi Tr\u00fckikeskus\",\"url\":\"https:\\\/\\\/kolmlovitrykikeskus.ee\\\/\",\"logo\":{\"@type\":\"ImageObject\",\"inLanguage\":\"et\",\"@id\":\"https:\\\/\\\/kolmlovitrykikeskus.ee\\\/#\\\/schema\\\/logo\\\/image\\\/\",\"url\":\"https:\\\/\\\/kolmlovitrykikeskus.ee\\\/wp-content\\\/uploads\\\/2023\\\/12\\\/cropped-kltk-logo.png\",\"contentUrl\":\"https:\\\/\\\/kolmlovitrykikeskus.ee\\\/wp-content\\\/uploads\\\/2023\\\/12\\\/cropped-kltk-logo.png\",\"width\":640,\"height\":170,\"caption\":\"Kolm L\u00f5vi Tr\u00fckikeskus\"},\"image\":{\"@id\":\"https:\\\/\\\/kolmlovitrykikeskus.ee\\\/#\\\/schema\\\/logo\\\/image\\\/\"},\"sameAs\":[\"https:\\\/\\\/www.facebook.com\\\/kolmlovitrykikeskus\"]}]}<\/script>\n<!-- \/ Yoast SEO plugin. -->","yoast_head_json":{"title":"Plastikust numbrid - Kolm L\u00f5vi Tr\u00fckikeskus","description":"Plastikust numbrid tr\u00fckiteenused, prinditeenus, tr\u00fckiteenus, tr\u00fckk, print, kleebised, kleepsud garderoobinumbrid","robots":{"index":"index","follow":"follow","max-snippet":"max-snippet:-1","max-image-preview":"max-image-preview:large","max-video-preview":"max-video-preview:-1"},"canonical":"https:\/\/kolmlovitrykikeskus.ee\/?page_id=2199","og_locale":"et_EE","og_type":"article","og_title":"Plastikust numbrid - Kolm L\u00f5vi Tr\u00fckikeskus","og_description":"Plastikust numbrid tr\u00fckiteenused, prinditeenus, tr\u00fckiteenus, tr\u00fckk, print, kleebised, kleepsud garderoobinumbrid","og_url":"https:\/\/kolmlovitrykikeskus.ee\/?page_id=2199","og_site_name":"Kolm L\u00f5vi Tr\u00fckikeskus","article_publisher":"https:\/\/www.facebook.com\/kolmlovitrykikeskus","article_modified_time":"2024-12-13T07:28:49+00:00","og_image":[{"width":520,"height":433,"url":"https:\/\/kolmlovitrykikeskus.ee\/wp-content\/uploads\/2024\/08\/laserloikus.jpg","type":"image\/jpeg"}],"twitter_card":"summary_large_image","twitter_misc":{"Est. reading time":"3 minutit"},"schema":{"@context":"https:\/\/schema.org","@graph":[{"@type":"WebPage","@id":"https:\/\/kolmlovitrykikeskus.ee\/?page_id=2199","url":"https:\/\/kolmlovitrykikeskus.ee\/?page_id=2199","name":"Plastikust numbrid - Kolm L\u00f5vi Tr\u00fckikeskus","isPartOf":{"@id":"https:\/\/kolmlovitrykikeskus.ee\/#website"},"primaryImageOfPage":{"@id":"https:\/\/kolmlovitrykikeskus.ee\/?page_id=2199#primaryimage"},"image":{"@id":"https:\/\/kolmlovitrykikeskus.ee\/?page_id=2199#primaryimage"},"thumbnailUrl":"https:\/\/kolmlovitrykikeskus.ee\/wp-content\/uploads\/2024\/08\/laserloikus-300x250.jpg","datePublished":"2024-08-26T16:32:36+00:00","dateModified":"2024-12-13T07:28:49+00:00","description":"Plastikust numbrid tr\u00fckiteenused, prinditeenus, tr\u00fckiteenus, tr\u00fckk, print, kleebised, kleepsud garderoobinumbrid","breadcrumb":{"@id":"https:\/\/kolmlovitrykikeskus.ee\/?page_id=2199#breadcrumb"},"inLanguage":"et","potentialAction":[{"@type":"ReadAction","target":["https:\/\/kolmlovitrykikeskus.ee\/?page_id=2199"]}]},{"@type":"ImageObject","inLanguage":"et","@id":"https:\/\/kolmlovitrykikeskus.ee\/?page_id=2199#primaryimage","url":"https:\/\/kolmlovitrykikeskus.ee\/wp-content\/uploads\/2024\/08\/laserloikus.jpg","contentUrl":"https:\/\/kolmlovitrykikeskus.ee\/wp-content\/uploads\/2024\/08\/laserloikus.jpg","width":520,"height":433},{"@type":"BreadcrumbList","@id":"https:\/\/kolmlovitrykikeskus.ee\/?page_id=2199#breadcrumb","itemListElement":[{"@type":"ListItem","position":1,"name":"Home","item":"https:\/\/kolmlovitrykikeskus.ee\/"},{"@type":"ListItem","position":2,"name":"Plastikust numbrid"}]},{"@type":"WebSite","@id":"https:\/\/kolmlovitrykikeskus.ee\/#website","url":"https:\/\/kolmlovitrykikeskus.ee\/","name":"Kolm L\u00f5vi Tr\u00fckikeskus","description":"Leiame lahenduse!","publisher":{"@id":"https:\/\/kolmlovitrykikeskus.ee\/#organization"},"potentialAction":[{"@type":"SearchAction","target":{"@type":"EntryPoint","urlTemplate":"https:\/\/kolmlovitrykikeskus.ee\/?s={search_term_string}"},"query-input":{"@type":"PropertyValueSpecification","valueRequired":true,"valueName":"search_term_string"}}],"inLanguage":"et"},{"@type":"Organization","@id":"https:\/\/kolmlovitrykikeskus.ee\/#organization","name":"Kolm L\u00f5vi Tr\u00fckikeskus","url":"https:\/\/kolmlovitrykikeskus.ee\/","logo":{"@type":"ImageObject","inLanguage":"et","@id":"https:\/\/kolmlovitrykikeskus.ee\/#\/schema\/logo\/image\/","url":"https:\/\/kolmlovitrykikeskus.ee\/wp-content\/uploads\/2023\/12\/cropped-kltk-logo.png","contentUrl":"https:\/\/kolmlovitrykikeskus.ee\/wp-content\/uploads\/2023\/12\/cropped-kltk-logo.png","width":640,"height":170,"caption":"Kolm L\u00f5vi Tr\u00fckikeskus"},"image":{"@id":"https:\/\/kolmlovitrykikeskus.ee\/#\/schema\/logo\/image\/"},"sameAs":["https:\/\/www.facebook.com\/kolmlovitrykikeskus"]}]}},"_links":{"self":[{"href":"https:\/\/kolmlovitrykikeskus.ee\/index.php?rest_route=\/wp\/v2\/pages\/2199","targetHints":{"allow":["GET"]}}],"collection":[{"href":"https:\/\/kolmlovitrykikeskus.ee\/index.php?rest_route=\/wp\/v2\/pages"}],"about":[{"href":"https:\/\/kolmlovitrykikeskus.ee\/index.php?rest_route=\/wp\/v2\/types\/page"}],"author":[{"embeddable":true,"href":"https:\/\/kolmlovitrykikeskus.ee\/index.php?rest_route=\/wp\/v2\/users\/5"}],"replies":[{"embeddable":true,"href":"https:\/\/kolmlovitrykikeskus.ee\/index.php?rest_route=%2Fwp%2Fv2%2Fcomments&post=2199"}],"version-history":[{"count":23,"href":"https:\/\/kolmlovitrykikeskus.ee\/index.php?rest_route=\/wp\/v2\/pages\/2199\/revisions"}],"predecessor-version":[{"id":4227,"href":"https:\/\/kolmlovitrykikeskus.ee\/index.php?rest_route=\/wp\/v2\/pages\/2199\/revisions\/4227"}],"wp:attachment":[{"href":"https:\/\/kolmlovitrykikeskus.ee\/index.php?rest_route=%2Fwp%2Fv2%2Fmedia&parent=2199"}],"curies":[{"name":"wp","href":"https:\/\/api.w.org\/{rel}","templated":true}]}}