{"id":1929,"date":"2024-08-27T11:48:53","date_gmt":"2024-08-27T09:48:53","guid":{"rendered":"https:\/\/kolmlovitrykikeskus.ee\/?page_id=1929"},"modified":"2025-01-09T10:11:13","modified_gmt":"2025-01-09T08:11:13","slug":"reklaamkingitused-reklaammagnetid-plastkaardid","status":"publish","type":"page","link":"https:\/\/kolmlovitrykikeskus.ee\/?page_id=1929","title":{"rendered":"Reklaamkingitused, reklaammagnetid, plastkaardid"},"content":{"rendered":"<h1 style=\"text-align: left;\">Oma ettev\u00f5tte logo v\u00f5i tunnuslausega v\u00e4ike meene on hea ning armas kingitus kliendile.<\/h1>\n<p><img loading=\"lazy\" decoding=\"async\" class=\"alignnone wp-image-1928\" src=\"https:\/\/kolmlovitrykikeskus.ee\/wp-content\/uploads\/2024\/08\/ristikoolishoks-1.jpg\" alt=\"\" width=\"900\" height=\"510\" srcset=\"https:\/\/kolmlovitrykikeskus.ee\/wp-content\/uploads\/2024\/08\/ristikoolishoks-1.jpg 657w, https:\/\/kolmlovitrykikeskus.ee\/wp-content\/uploads\/2024\/08\/ristikoolishoks-1-300x170.jpg 300w\" sizes=\"auto, (max-width: 900px) 100vw, 900px\" \/><\/p>\n<p><img loading=\"lazy\" decoding=\"async\" class=\"alignnone wp-image-1927\" src=\"https:\/\/kolmlovitrykikeskus.ee\/wp-content\/uploads\/2024\/08\/shokolaad.jpg\" alt=\"\" width=\"900\" height=\"486\" srcset=\"https:\/\/kolmlovitrykikeskus.ee\/wp-content\/uploads\/2024\/08\/shokolaad.jpg 506w, https:\/\/kolmlovitrykikeskus.ee\/wp-content\/uploads\/2024\/08\/shokolaad-300x162.jpg 300w\" sizes=\"auto, (max-width: 900px) 100vw, 900px\" \/><\/p>\n<p>Plastkaart magneti saab kergesti kujundada vajalikuks ja meeldej\u00e4\u00e4va s\u00f5numiga reklaamkingituseks (suurus 54x86mm). Plastkaart ilma magnetita on kahepoolse ja koos magnetiga \u00fchepoolse kujundusega.<\/p>\n<p><img loading=\"lazy\" decoding=\"async\" class=\"wp-image-1926 size-full aligncenter\" src=\"https:\/\/kolmlovitrykikeskus.ee\/wp-content\/uploads\/2024\/08\/kylmkapimagnet.jpg\" alt=\"\" width=\"657\" height=\"569\" srcset=\"https:\/\/kolmlovitrykikeskus.ee\/wp-content\/uploads\/2024\/08\/kylmkapimagnet.jpg 657w, https:\/\/kolmlovitrykikeskus.ee\/wp-content\/uploads\/2024\/08\/kylmkapimagnet-300x260.jpg 300w\" sizes=\"auto, (max-width: 657px) 100vw, 657px\" \/><\/p>\n<p><strong>Valmistame mitmeid v\u00e4iksemaid reklaamkingitusi:<\/strong><\/p>\n<ul style=\"list-style-type: disc;\">\n<li>dekoratiivpadjad<\/li>\n<li>riidest ostukotid<\/li>\n<li>t-s\u00e4rgid<\/li>\n<li>rinnam\u00e4rgid ja v\u00f5tmehoidjad<\/li>\n<li>pudeliavajad<\/li>\n<li>rosetid<\/li>\n<li>CD\/DVD<\/li>\n<li>v\u00e4ikepakendid<\/li>\n<li>\u0161okolaadi pakendid<\/li>\n<li>k\u00fclmkapimagnetid<\/li>\n<li>pehmed v\u00f5tmehoidjad<\/li>\n<\/ul>\n<p>Aitame ka kujundust\u00f6\u00f6dega!<\/p>\n<p><img loading=\"lazy\" decoding=\"async\" class=\"wp-image-1925  aligncenter\" src=\"https:\/\/kolmlovitrykikeskus.ee\/wp-content\/uploads\/2024\/08\/kutsefilmil.jpg\" alt=\"\" width=\"657\" height=\"557\" srcset=\"https:\/\/kolmlovitrykikeskus.ee\/wp-content\/uploads\/2024\/08\/kutsefilmil.jpg 506w, https:\/\/kolmlovitrykikeskus.ee\/wp-content\/uploads\/2024\/08\/kutsefilmil-300x254.jpg 300w\" sizes=\"auto, (max-width: 657px) 100vw, 657px\" \/><\/p>\n<p>Kutse tr\u00fckitud \u00f5hukesele plastikule imiteerides kunagist filmilinti (Autor JOLOS Events). Kasutatud tavalisemast j\u00e4medamat <a href=\"https:\/\/kolmlovitrykikeskus.ee\/?page_id=471&amp;preview=true\">rastrit<\/a> r\u00f5hutamaks graafilist joonist fotodel.<\/p>\n","protected":false},"excerpt":{"rendered":"<p>Oma ettev\u00f5tte logo v\u00f5i tunnuslausega v\u00e4ike meene on hea ning armas kingitus kliendile. Plastkaart magneti saab kergesti kujundada vajalikuks ja meeldej\u00e4\u00e4va s\u00f5numiga reklaamkingituseks (suurus 54x86mm). [&#8230;]<\/p>\n","protected":false},"author":5,"featured_media":0,"parent":280,"menu_order":0,"comment_status":"closed","ping_status":"closed","template":"","meta":{"footnotes":""},"class_list":["post-1929","page","type-page","status-publish","hentry"],"yoast_head":"<!-- This site is optimized with the Yoast SEO plugin v27.4 - https:\/\/yoast.com\/product\/yoast-seo-wordpress\/ -->\n<title>Reklaamkingitused, reklaammagnetid, plastkaardid - Kolm L\u00f5vi Tr\u00fckikeskus<\/title>\n<meta name=\"description\" content=\"Reklaamkingitused, reklaammagnetid, plastkaardid Kolm L\u00f5vi Tr\u00fckikeskus Reklaamkingitused, reklaammagnetid, plastkaardid\" \/>\n<meta name=\"robots\" content=\"index, follow, max-snippet:-1, max-image-preview:large, max-video-preview:-1\" \/>\n<link rel=\"canonical\" href=\"https:\/\/kolmlovitrykikeskus.ee\/?page_id=1929\" \/>\n<meta property=\"og:locale\" content=\"et_EE\" \/>\n<meta property=\"og:type\" content=\"article\" \/>\n<meta property=\"og:title\" content=\"Reklaamkingitused, reklaammagnetid, plastkaardid - Kolm L\u00f5vi Tr\u00fckikeskus\" \/>\n<meta property=\"og:description\" content=\"Reklaamkingitused, reklaammagnetid, plastkaardid Kolm L\u00f5vi Tr\u00fckikeskus Reklaamkingitused, reklaammagnetid, plastkaardid\" \/>\n<meta property=\"og:url\" content=\"https:\/\/kolmlovitrykikeskus.ee\/?page_id=1929\" \/>\n<meta property=\"og:site_name\" content=\"Kolm L\u00f5vi Tr\u00fckikeskus\" \/>\n<meta property=\"article:publisher\" content=\"https:\/\/www.facebook.com\/kolmlovitrykikeskus\" \/>\n<meta property=\"article:modified_time\" content=\"2025-01-09T08:11:13+00:00\" \/>\n<meta property=\"og:image\" content=\"https:\/\/kolmlovitrykikeskus.ee\/wp-content\/uploads\/2024\/08\/ristikoolishoks-1.jpg\" \/>\n\t<meta property=\"og:image:width\" content=\"657\" \/>\n\t<meta property=\"og:image:height\" content=\"372\" \/>\n\t<meta property=\"og:image:type\" content=\"image\/jpeg\" \/>\n<meta name=\"twitter:card\" content=\"summary_large_image\" \/>\n<meta name=\"twitter:label1\" content=\"Est. reading time\" \/>\n\t<meta name=\"twitter:data1\" content=\"2 minutit\" \/>\n<script type=\"application\/ld+json\" class=\"yoast-schema-graph\">{\"@context\":\"https:\\\/\\\/schema.org\",\"@graph\":[{\"@type\":\"WebPage\",\"@id\":\"https:\\\/\\\/kolmlovitrykikeskus.ee\\\/?page_id=1929\",\"url\":\"https:\\\/\\\/kolmlovitrykikeskus.ee\\\/?page_id=1929\",\"name\":\"Reklaamkingitused, reklaammagnetid, plastkaardid - Kolm L\u00f5vi Tr\u00fckikeskus\",\"isPartOf\":{\"@id\":\"https:\\\/\\\/kolmlovitrykikeskus.ee\\\/#website\"},\"primaryImageOfPage\":{\"@id\":\"https:\\\/\\\/kolmlovitrykikeskus.ee\\\/?page_id=1929#primaryimage\"},\"image\":{\"@id\":\"https:\\\/\\\/kolmlovitrykikeskus.ee\\\/?page_id=1929#primaryimage\"},\"thumbnailUrl\":\"https:\\\/\\\/kolmlovitrykikeskus.ee\\\/wp-content\\\/uploads\\\/2024\\\/08\\\/ristikoolishoks-1.jpg\",\"datePublished\":\"2024-08-27T09:48:53+00:00\",\"dateModified\":\"2025-01-09T08:11:13+00:00\",\"description\":\"Reklaamkingitused, reklaammagnetid, plastkaardid Kolm L\u00f5vi Tr\u00fckikeskus Reklaamkingitused, reklaammagnetid, plastkaardid\",\"breadcrumb\":{\"@id\":\"https:\\\/\\\/kolmlovitrykikeskus.ee\\\/?page_id=1929#breadcrumb\"},\"inLanguage\":\"et\",\"potentialAction\":[{\"@type\":\"ReadAction\",\"target\":[\"https:\\\/\\\/kolmlovitrykikeskus.ee\\\/?page_id=1929\"]}]},{\"@type\":\"ImageObject\",\"inLanguage\":\"et\",\"@id\":\"https:\\\/\\\/kolmlovitrykikeskus.ee\\\/?page_id=1929#primaryimage\",\"url\":\"https:\\\/\\\/kolmlovitrykikeskus.ee\\\/wp-content\\\/uploads\\\/2024\\\/08\\\/ristikoolishoks-1.jpg\",\"contentUrl\":\"https:\\\/\\\/kolmlovitrykikeskus.ee\\\/wp-content\\\/uploads\\\/2024\\\/08\\\/ristikoolishoks-1.jpg\",\"width\":657,\"height\":372},{\"@type\":\"BreadcrumbList\",\"@id\":\"https:\\\/\\\/kolmlovitrykikeskus.ee\\\/?page_id=1929#breadcrumb\",\"itemListElement\":[{\"@type\":\"ListItem\",\"position\":1,\"name\":\"Home\",\"item\":\"https:\\\/\\\/kolmlovitrykikeskus.ee\\\/\"},{\"@type\":\"ListItem\",\"position\":2,\"name\":\"TOOTED JA TEENUSED\",\"item\":\"https:\\\/\\\/kolmlovitrykikeskus.ee\\\/?page_id=280\"},{\"@type\":\"ListItem\",\"position\":3,\"name\":\"Reklaamkingitused, reklaammagnetid, plastkaardid\"}]},{\"@type\":\"WebSite\",\"@id\":\"https:\\\/\\\/kolmlovitrykikeskus.ee\\\/#website\",\"url\":\"https:\\\/\\\/kolmlovitrykikeskus.ee\\\/\",\"name\":\"Kolm L\u00f5vi Tr\u00fckikeskus\",\"description\":\"Leiame lahenduse!\",\"publisher\":{\"@id\":\"https:\\\/\\\/kolmlovitrykikeskus.ee\\\/#organization\"},\"potentialAction\":[{\"@type\":\"SearchAction\",\"target\":{\"@type\":\"EntryPoint\",\"urlTemplate\":\"https:\\\/\\\/kolmlovitrykikeskus.ee\\\/?s={search_term_string}\"},\"query-input\":{\"@type\":\"PropertyValueSpecification\",\"valueRequired\":true,\"valueName\":\"search_term_string\"}}],\"inLanguage\":\"et\"},{\"@type\":\"Organization\",\"@id\":\"https:\\\/\\\/kolmlovitrykikeskus.ee\\\/#organization\",\"name\":\"Kolm L\u00f5vi Tr\u00fckikeskus\",\"url\":\"https:\\\/\\\/kolmlovitrykikeskus.ee\\\/\",\"logo\":{\"@type\":\"ImageObject\",\"inLanguage\":\"et\",\"@id\":\"https:\\\/\\\/kolmlovitrykikeskus.ee\\\/#\\\/schema\\\/logo\\\/image\\\/\",\"url\":\"https:\\\/\\\/kolmlovitrykikeskus.ee\\\/wp-content\\\/uploads\\\/2023\\\/12\\\/cropped-kltk-logo.png\",\"contentUrl\":\"https:\\\/\\\/kolmlovitrykikeskus.ee\\\/wp-content\\\/uploads\\\/2023\\\/12\\\/cropped-kltk-logo.png\",\"width\":640,\"height\":170,\"caption\":\"Kolm L\u00f5vi Tr\u00fckikeskus\"},\"image\":{\"@id\":\"https:\\\/\\\/kolmlovitrykikeskus.ee\\\/#\\\/schema\\\/logo\\\/image\\\/\"},\"sameAs\":[\"https:\\\/\\\/www.facebook.com\\\/kolmlovitrykikeskus\"]}]}<\/script>\n<!-- \/ Yoast SEO plugin. -->","yoast_head_json":{"title":"Reklaamkingitused, reklaammagnetid, plastkaardid - Kolm L\u00f5vi Tr\u00fckikeskus","description":"Reklaamkingitused, reklaammagnetid, plastkaardid Kolm L\u00f5vi Tr\u00fckikeskus Reklaamkingitused, reklaammagnetid, plastkaardid","robots":{"index":"index","follow":"follow","max-snippet":"max-snippet:-1","max-image-preview":"max-image-preview:large","max-video-preview":"max-video-preview:-1"},"canonical":"https:\/\/kolmlovitrykikeskus.ee\/?page_id=1929","og_locale":"et_EE","og_type":"article","og_title":"Reklaamkingitused, reklaammagnetid, plastkaardid - Kolm L\u00f5vi Tr\u00fckikeskus","og_description":"Reklaamkingitused, reklaammagnetid, plastkaardid Kolm L\u00f5vi Tr\u00fckikeskus Reklaamkingitused, reklaammagnetid, plastkaardid","og_url":"https:\/\/kolmlovitrykikeskus.ee\/?page_id=1929","og_site_name":"Kolm L\u00f5vi Tr\u00fckikeskus","article_publisher":"https:\/\/www.facebook.com\/kolmlovitrykikeskus","article_modified_time":"2025-01-09T08:11:13+00:00","og_image":[{"width":657,"height":372,"url":"https:\/\/kolmlovitrykikeskus.ee\/wp-content\/uploads\/2024\/08\/ristikoolishoks-1.jpg","type":"image\/jpeg"}],"twitter_card":"summary_large_image","twitter_misc":{"Est. reading time":"2 minutit"},"schema":{"@context":"https:\/\/schema.org","@graph":[{"@type":"WebPage","@id":"https:\/\/kolmlovitrykikeskus.ee\/?page_id=1929","url":"https:\/\/kolmlovitrykikeskus.ee\/?page_id=1929","name":"Reklaamkingitused, reklaammagnetid, plastkaardid - Kolm L\u00f5vi Tr\u00fckikeskus","isPartOf":{"@id":"https:\/\/kolmlovitrykikeskus.ee\/#website"},"primaryImageOfPage":{"@id":"https:\/\/kolmlovitrykikeskus.ee\/?page_id=1929#primaryimage"},"image":{"@id":"https:\/\/kolmlovitrykikeskus.ee\/?page_id=1929#primaryimage"},"thumbnailUrl":"https:\/\/kolmlovitrykikeskus.ee\/wp-content\/uploads\/2024\/08\/ristikoolishoks-1.jpg","datePublished":"2024-08-27T09:48:53+00:00","dateModified":"2025-01-09T08:11:13+00:00","description":"Reklaamkingitused, reklaammagnetid, plastkaardid Kolm L\u00f5vi Tr\u00fckikeskus Reklaamkingitused, reklaammagnetid, plastkaardid","breadcrumb":{"@id":"https:\/\/kolmlovitrykikeskus.ee\/?page_id=1929#breadcrumb"},"inLanguage":"et","potentialAction":[{"@type":"ReadAction","target":["https:\/\/kolmlovitrykikeskus.ee\/?page_id=1929"]}]},{"@type":"ImageObject","inLanguage":"et","@id":"https:\/\/kolmlovitrykikeskus.ee\/?page_id=1929#primaryimage","url":"https:\/\/kolmlovitrykikeskus.ee\/wp-content\/uploads\/2024\/08\/ristikoolishoks-1.jpg","contentUrl":"https:\/\/kolmlovitrykikeskus.ee\/wp-content\/uploads\/2024\/08\/ristikoolishoks-1.jpg","width":657,"height":372},{"@type":"BreadcrumbList","@id":"https:\/\/kolmlovitrykikeskus.ee\/?page_id=1929#breadcrumb","itemListElement":[{"@type":"ListItem","position":1,"name":"Home","item":"https:\/\/kolmlovitrykikeskus.ee\/"},{"@type":"ListItem","position":2,"name":"TOOTED JA TEENUSED","item":"https:\/\/kolmlovitrykikeskus.ee\/?page_id=280"},{"@type":"ListItem","position":3,"name":"Reklaamkingitused, reklaammagnetid, plastkaardid"}]},{"@type":"WebSite","@id":"https:\/\/kolmlovitrykikeskus.ee\/#website","url":"https:\/\/kolmlovitrykikeskus.ee\/","name":"Kolm L\u00f5vi Tr\u00fckikeskus","description":"Leiame lahenduse!","publisher":{"@id":"https:\/\/kolmlovitrykikeskus.ee\/#organization"},"potentialAction":[{"@type":"SearchAction","target":{"@type":"EntryPoint","urlTemplate":"https:\/\/kolmlovitrykikeskus.ee\/?s={search_term_string}"},"query-input":{"@type":"PropertyValueSpecification","valueRequired":true,"valueName":"search_term_string"}}],"inLanguage":"et"},{"@type":"Organization","@id":"https:\/\/kolmlovitrykikeskus.ee\/#organization","name":"Kolm L\u00f5vi Tr\u00fckikeskus","url":"https:\/\/kolmlovitrykikeskus.ee\/","logo":{"@type":"ImageObject","inLanguage":"et","@id":"https:\/\/kolmlovitrykikeskus.ee\/#\/schema\/logo\/image\/","url":"https:\/\/kolmlovitrykikeskus.ee\/wp-content\/uploads\/2023\/12\/cropped-kltk-logo.png","contentUrl":"https:\/\/kolmlovitrykikeskus.ee\/wp-content\/uploads\/2023\/12\/cropped-kltk-logo.png","width":640,"height":170,"caption":"Kolm L\u00f5vi Tr\u00fckikeskus"},"image":{"@id":"https:\/\/kolmlovitrykikeskus.ee\/#\/schema\/logo\/image\/"},"sameAs":["https:\/\/www.facebook.com\/kolmlovitrykikeskus"]}]}},"_links":{"self":[{"href":"https:\/\/kolmlovitrykikeskus.ee\/index.php?rest_route=\/wp\/v2\/pages\/1929","targetHints":{"allow":["GET"]}}],"collection":[{"href":"https:\/\/kolmlovitrykikeskus.ee\/index.php?rest_route=\/wp\/v2\/pages"}],"about":[{"href":"https:\/\/kolmlovitrykikeskus.ee\/index.php?rest_route=\/wp\/v2\/types\/page"}],"author":[{"embeddable":true,"href":"https:\/\/kolmlovitrykikeskus.ee\/index.php?rest_route=\/wp\/v2\/users\/5"}],"replies":[{"embeddable":true,"href":"https:\/\/kolmlovitrykikeskus.ee\/index.php?rest_route=%2Fwp%2Fv2%2Fcomments&post=1929"}],"version-history":[{"count":12,"href":"https:\/\/kolmlovitrykikeskus.ee\/index.php?rest_route=\/wp\/v2\/pages\/1929\/revisions"}],"predecessor-version":[{"id":4327,"href":"https:\/\/kolmlovitrykikeskus.ee\/index.php?rest_route=\/wp\/v2\/pages\/1929\/revisions\/4327"}],"up":[{"embeddable":true,"href":"https:\/\/kolmlovitrykikeskus.ee\/index.php?rest_route=\/wp\/v2\/pages\/280"}],"wp:attachment":[{"href":"https:\/\/kolmlovitrykikeskus.ee\/index.php?rest_route=%2Fwp%2Fv2%2Fmedia&parent=1929"}],"curies":[{"name":"wp","href":"https:\/\/api.w.org\/{rel}","templated":true}]}}