{"id":1800,"date":"2024-08-23T11:37:32","date_gmt":"2024-08-23T09:37:32","guid":{"rendered":"https:\/\/kolmlovitrykikeskus.ee\/?page_id=1800"},"modified":"2025-01-09T10:17:01","modified_gmt":"2025-01-09T08:17:01","slug":"pakendid-rinnamarkide-pakendid-ja-kinkekaardid","status":"publish","type":"page","link":"https:\/\/kolmlovitrykikeskus.ee\/?page_id=1800","title":{"rendered":"Pakendid"},"content":{"rendered":"<h1>Rinnam\u00e4rkide pakendid ja kinkekaardid.<\/h1>\n<h3><a id=\"Tagasi-yles-pakendid\"><\/a>V\u00e4ikepakendite kavandamine ja tootmine.<\/h3>\n<p>Pakume stantsitud pakenditoorikud erinevas valmidusastmes, mis v\u00f5imaldab kliendil paremini oma kulusid planeerida. Pakendeid valmistame olemasolevate stantsidega v\u00f5i valmistame stantsi vastavalt tellija soovidele. Karbid on saadaval pinnalaotusena ehk kokku liimimata kujul, et vajadusel saaks pakendile tr\u00fckkida v\u00f5i k\u00e4sitsi joonistada graafikat. Tellimisel saame lisada 9mm laiuse liimiriba.<\/p>\n<p><img loading=\"lazy\" decoding=\"async\" class=\"wp-image-786 aligncenter\" src=\"https:\/\/kolmlovitrykikeskus.ee\/wp-content\/uploads\/2024\/01\/etiketidkartonplastik.jpg\" alt=\"etiketid,kartongplastik\" width=\"502\" height=\"438\" srcset=\"https:\/\/kolmlovitrykikeskus.ee\/wp-content\/uploads\/2024\/01\/etiketidkartonplastik.jpg 657w, https:\/\/kolmlovitrykikeskus.ee\/wp-content\/uploads\/2024\/01\/etiketidkartonplastik-300x262.jpg 300w\" sizes=\"auto, (max-width: 502px) 100vw, 502px\" \/><\/p>\n<h3>Pakume ka:<\/h3>\n<ul style=\"list-style-type: disc;\">\n<li>pakke- ehk tugevdusnurk materjalile paksusega kuni 25mm, komplektis 10tk;<\/li>\n<li>v\u00e4ikesed etiketid kaupade markeerimiseks v\u00f5i hinnastamiseks, m\u00f5\u00f5tmed 45, 58 ja 70mm (k\u00f5rgus), erinevad materjalid.<\/li>\n<\/ul>\n<h4><img loading=\"lazy\" decoding=\"async\" class=\"wp-image-1812 size-full aligncenter\" src=\"https:\/\/kolmlovitrykikeskus.ee\/wp-content\/uploads\/2024\/08\/billow-micro0.jpg\" alt=\"\" width=\"500\" height=\"352\" srcset=\"https:\/\/kolmlovitrykikeskus.ee\/wp-content\/uploads\/2024\/08\/billow-micro0.jpg 500w, https:\/\/kolmlovitrykikeskus.ee\/wp-content\/uploads\/2024\/08\/billow-micro0-300x211.jpg 300w\" sizes=\"auto, (max-width: 500px) 100vw, 500px\" \/><\/h4>\n<h3>Kinkepakendid erinevatest materjalidest<\/h3>\n<h4><img loading=\"lazy\" decoding=\"async\" class=\"wp-image-1811 aligncenter\" src=\"https:\/\/kolmlovitrykikeskus.ee\/wp-content\/uploads\/2024\/08\/labeltag3x.png\" alt=\"\" width=\"498\" height=\"311\" \/><\/h4>\n<h3>Etiketid<\/h3>\n<p><span style=\"background-color: #ffffff;\">Valmis CD\/DVD efektpaberist pakendite kohta loe <a style=\"background-color: #ffffff;\" href=\"https:\/\/kolmlovitrykikeskus.ee\/?page_id=1825\">SIIT.<\/a><\/span><br \/>\n<span style=\"background-color: #ffffff;\">M\u00f5ningad tr\u00fckin\u00e4idised efektpaberite kohta <a style=\"background-color: #ffffff;\" href=\"https:\/\/kolmlovitrykikeskus.ee\/?page_id=1818&amp;preview=true\">SIIN.<\/a><\/span><\/p>\n<p><img loading=\"lazy\" decoding=\"async\" class=\"wp-image-1810 aligncenter\" src=\"https:\/\/kolmlovitrykikeskus.ee\/wp-content\/uploads\/2024\/08\/metallkarpplastikvisiitkaardid-300x205.jpg\" alt=\"\" width=\"477\" height=\"326\" srcset=\"https:\/\/kolmlovitrykikeskus.ee\/wp-content\/uploads\/2024\/08\/metallkarpplastikvisiitkaardid-300x205.jpg 300w, https:\/\/kolmlovitrykikeskus.ee\/wp-content\/uploads\/2024\/08\/metallkarpplastikvisiitkaardid.jpg 657w\" sizes=\"auto, (max-width: 477px) 100vw, 477px\" \/><br \/>\nVisiitkaartidele, mille m\u00f5\u00f5t on 86x54mm, pakume metallist visiitkaardi karpi, millel on liigutatav p\u00f5hi lihtsustamaks visiitkaartide k\u00e4tte saamist.<\/p>\n<p><img loading=\"lazy\" decoding=\"async\" class=\"wp-image-1809 aligncenter\" src=\"https:\/\/kolmlovitrykikeskus.ee\/wp-content\/uploads\/2024\/08\/blisterpakend-300x174.jpg\" alt=\"\" width=\"476\" height=\"276\" srcset=\"https:\/\/kolmlovitrykikeskus.ee\/wp-content\/uploads\/2024\/08\/blisterpakend-300x174.jpg 300w, https:\/\/kolmlovitrykikeskus.ee\/wp-content\/uploads\/2024\/08\/blisterpakend.jpg 500w\" sizes=\"auto, (max-width: 476px) 100vw, 476px\" \/><br \/>\nLiimiribaga l\u00e4bipaistvad kotid (30mic) koos riputusauguga (blisterpakend)<\/p>\n<ul style=\"list-style-type: disc;\">\n<li>110 x 155 mm + 30 mm klapp(sirge), lisaks \u00fclaosas<br \/>\n30 mm euroauguga riputusosa &#8211; 100tk 15euri+k\u00e4ibemaks.<\/li>\n<li>115 x 220 mm + 30 mm klapp (sirge), lisaks \u00fclaosas<br \/>\n30 mm euroauguga riputusosa \u00a0&#8211; 100tk 15euri+k\u00e4ibemaks<\/li>\n<\/ul>\n<h3>Kartongist etiketid<\/h3>\n<p><img loading=\"lazy\" decoding=\"async\" class=\"wp-image-1808 aligncenter\" src=\"https:\/\/kolmlovitrykikeskus.ee\/wp-content\/uploads\/2024\/08\/rakovich-657px-300x297.jpg\" alt=\"\" width=\"470\" height=\"465\" srcset=\"https:\/\/kolmlovitrykikeskus.ee\/wp-content\/uploads\/2024\/08\/rakovich-657px-300x297.jpg 300w, https:\/\/kolmlovitrykikeskus.ee\/wp-content\/uploads\/2024\/08\/rakovich-657px.jpg 657w\" sizes=\"auto, (max-width: 470px) 100vw, 470px\" \/><br \/>\nRinnam\u00e4rgid\u00a0saab pakkida karpidesse ja lisada kaardid. Metallm\u00e4rkide kohta vaata rohkem\u00a0<span style=\"background-color: #ffff00;\"><a style=\"background-color: #ffff00;\" href=\"https:\/\/kolmlovitrykikeskus.ee\/?page_id=1760&amp;preview=true\">siit.<\/a><\/span><\/p>\n<p><img loading=\"lazy\" decoding=\"async\" class=\"alignnone wp-image-1807\" src=\"https:\/\/kolmlovitrykikeskus.ee\/wp-content\/uploads\/2024\/08\/rinnamarkide-kaardid.png\" alt=\"\" width=\"440\" height=\"253\" srcset=\"https:\/\/kolmlovitrykikeskus.ee\/wp-content\/uploads\/2024\/08\/rinnamarkide-kaardid.png 520w, https:\/\/kolmlovitrykikeskus.ee\/wp-content\/uploads\/2024\/08\/rinnamarkide-kaardid-300x173.png 300w\" sizes=\"auto, (max-width: 440px) 100vw, 440px\" \/> \u00a0<img loading=\"lazy\" decoding=\"async\" class=\"alignnone wp-image-1806\" src=\"https:\/\/kolmlovitrykikeskus.ee\/wp-content\/uploads\/2024\/08\/rinnamarkide-pakend-kaardiga.png\" alt=\"\" width=\"440\" height=\"253\" srcset=\"https:\/\/kolmlovitrykikeskus.ee\/wp-content\/uploads\/2024\/08\/rinnamarkide-pakend-kaardiga.png 520w, https:\/\/kolmlovitrykikeskus.ee\/wp-content\/uploads\/2024\/08\/rinnamarkide-pakend-kaardiga-300x173.png 300w\" sizes=\"auto, (max-width: 440px) 100vw, 440px\" \/><\/p>\n<p><a href=\"#Tagasi-yles-pakendid\">Tagasi \u00fcles<\/a><\/p>\n","protected":false},"excerpt":{"rendered":"<p>Rinnam\u00e4rkide pakendid ja kinkekaardid. V\u00e4ikepakendite kavandamine ja tootmine. Pakume stantsitud pakenditoorikud erinevas valmidusastmes, mis v\u00f5imaldab kliendil paremini oma kulusid planeerida. Pakendeid valmistame olemasolevate stantsidega v\u00f5i [&#8230;]<\/p>\n","protected":false},"author":5,"featured_media":0,"parent":0,"menu_order":0,"comment_status":"closed","ping_status":"closed","template":"","meta":{"footnotes":""},"class_list":["post-1800","page","type-page","status-publish","hentry"],"yoast_head":"<!-- This site is optimized with the Yoast SEO plugin v27.5 - https:\/\/yoast.com\/product\/yoast-seo-wordpress\/ -->\n<title>Pakendid - Kolm L\u00f5vi Tr\u00fckikeskus<\/title>\n<meta name=\"description\" content=\"Pakendid Kolm L\u00f5vi Tr\u00fckikeskus kilekotid Rinnam\u00e4rkide pakendid ja kinkekaardid\" \/>\n<meta name=\"robots\" content=\"index, follow, max-snippet:-1, max-image-preview:large, max-video-preview:-1\" \/>\n<link rel=\"canonical\" href=\"https:\/\/kolmlovitrykikeskus.ee\/?page_id=1800\" \/>\n<meta property=\"og:locale\" content=\"et_EE\" \/>\n<meta property=\"og:type\" content=\"article\" \/>\n<meta property=\"og:title\" content=\"Pakendid - Kolm L\u00f5vi Tr\u00fckikeskus\" \/>\n<meta property=\"og:description\" content=\"Pakendid Kolm L\u00f5vi Tr\u00fckikeskus kilekotid Rinnam\u00e4rkide pakendid ja kinkekaardid\" \/>\n<meta property=\"og:url\" content=\"https:\/\/kolmlovitrykikeskus.ee\/?page_id=1800\" \/>\n<meta property=\"og:site_name\" content=\"Kolm L\u00f5vi Tr\u00fckikeskus\" \/>\n<meta property=\"article:publisher\" content=\"https:\/\/www.facebook.com\/kolmlovitrykikeskus\" \/>\n<meta property=\"article:modified_time\" content=\"2025-01-09T08:17:01+00:00\" \/>\n<meta property=\"og:image\" content=\"https:\/\/kolmlovitrykikeskus.ee\/wp-content\/uploads\/2024\/01\/etiketidkartonplastik.jpg\" \/>\n\t<meta property=\"og:image:width\" content=\"657\" \/>\n\t<meta property=\"og:image:height\" content=\"574\" \/>\n\t<meta property=\"og:image:type\" content=\"image\/jpeg\" \/>\n<meta name=\"twitter:card\" content=\"summary_large_image\" \/>\n<meta name=\"twitter:label1\" content=\"Est. reading time\" \/>\n\t<meta name=\"twitter:data1\" content=\"3 minutit\" \/>\n<script type=\"application\/ld+json\" class=\"yoast-schema-graph\">{\"@context\":\"https:\\\/\\\/schema.org\",\"@graph\":[{\"@type\":\"WebPage\",\"@id\":\"https:\\\/\\\/kolmlovitrykikeskus.ee\\\/?page_id=1800\",\"url\":\"https:\\\/\\\/kolmlovitrykikeskus.ee\\\/?page_id=1800\",\"name\":\"Pakendid - Kolm L\u00f5vi Tr\u00fckikeskus\",\"isPartOf\":{\"@id\":\"https:\\\/\\\/kolmlovitrykikeskus.ee\\\/#website\"},\"primaryImageOfPage\":{\"@id\":\"https:\\\/\\\/kolmlovitrykikeskus.ee\\\/?page_id=1800#primaryimage\"},\"image\":{\"@id\":\"https:\\\/\\\/kolmlovitrykikeskus.ee\\\/?page_id=1800#primaryimage\"},\"thumbnailUrl\":\"https:\\\/\\\/kolmlovitrykikeskus.ee\\\/wp-content\\\/uploads\\\/2024\\\/01\\\/etiketidkartonplastik.jpg\",\"datePublished\":\"2024-08-23T09:37:32+00:00\",\"dateModified\":\"2025-01-09T08:17:01+00:00\",\"description\":\"Pakendid Kolm L\u00f5vi Tr\u00fckikeskus kilekotid Rinnam\u00e4rkide pakendid ja kinkekaardid\",\"breadcrumb\":{\"@id\":\"https:\\\/\\\/kolmlovitrykikeskus.ee\\\/?page_id=1800#breadcrumb\"},\"inLanguage\":\"et\",\"potentialAction\":[{\"@type\":\"ReadAction\",\"target\":[\"https:\\\/\\\/kolmlovitrykikeskus.ee\\\/?page_id=1800\"]}]},{\"@type\":\"ImageObject\",\"inLanguage\":\"et\",\"@id\":\"https:\\\/\\\/kolmlovitrykikeskus.ee\\\/?page_id=1800#primaryimage\",\"url\":\"https:\\\/\\\/kolmlovitrykikeskus.ee\\\/wp-content\\\/uploads\\\/2024\\\/01\\\/etiketidkartonplastik.jpg\",\"contentUrl\":\"https:\\\/\\\/kolmlovitrykikeskus.ee\\\/wp-content\\\/uploads\\\/2024\\\/01\\\/etiketidkartonplastik.jpg\",\"width\":657,\"height\":574,\"caption\":\"etiketid,kartongplastik\"},{\"@type\":\"BreadcrumbList\",\"@id\":\"https:\\\/\\\/kolmlovitrykikeskus.ee\\\/?page_id=1800#breadcrumb\",\"itemListElement\":[{\"@type\":\"ListItem\",\"position\":1,\"name\":\"Home\",\"item\":\"https:\\\/\\\/kolmlovitrykikeskus.ee\\\/\"},{\"@type\":\"ListItem\",\"position\":2,\"name\":\"Pakendid\"}]},{\"@type\":\"WebSite\",\"@id\":\"https:\\\/\\\/kolmlovitrykikeskus.ee\\\/#website\",\"url\":\"https:\\\/\\\/kolmlovitrykikeskus.ee\\\/\",\"name\":\"Kolm L\u00f5vi Tr\u00fckikeskus\",\"description\":\"Leiame lahenduse!\",\"publisher\":{\"@id\":\"https:\\\/\\\/kolmlovitrykikeskus.ee\\\/#organization\"},\"potentialAction\":[{\"@type\":\"SearchAction\",\"target\":{\"@type\":\"EntryPoint\",\"urlTemplate\":\"https:\\\/\\\/kolmlovitrykikeskus.ee\\\/?s={search_term_string}\"},\"query-input\":{\"@type\":\"PropertyValueSpecification\",\"valueRequired\":true,\"valueName\":\"search_term_string\"}}],\"inLanguage\":\"et\"},{\"@type\":\"Organization\",\"@id\":\"https:\\\/\\\/kolmlovitrykikeskus.ee\\\/#organization\",\"name\":\"Kolm L\u00f5vi Tr\u00fckikeskus\",\"url\":\"https:\\\/\\\/kolmlovitrykikeskus.ee\\\/\",\"logo\":{\"@type\":\"ImageObject\",\"inLanguage\":\"et\",\"@id\":\"https:\\\/\\\/kolmlovitrykikeskus.ee\\\/#\\\/schema\\\/logo\\\/image\\\/\",\"url\":\"https:\\\/\\\/kolmlovitrykikeskus.ee\\\/wp-content\\\/uploads\\\/2023\\\/12\\\/cropped-kltk-logo.png\",\"contentUrl\":\"https:\\\/\\\/kolmlovitrykikeskus.ee\\\/wp-content\\\/uploads\\\/2023\\\/12\\\/cropped-kltk-logo.png\",\"width\":640,\"height\":170,\"caption\":\"Kolm L\u00f5vi Tr\u00fckikeskus\"},\"image\":{\"@id\":\"https:\\\/\\\/kolmlovitrykikeskus.ee\\\/#\\\/schema\\\/logo\\\/image\\\/\"},\"sameAs\":[\"https:\\\/\\\/www.facebook.com\\\/kolmlovitrykikeskus\"]}]}<\/script>\n<!-- \/ Yoast SEO plugin. -->","yoast_head_json":{"title":"Pakendid - Kolm L\u00f5vi Tr\u00fckikeskus","description":"Pakendid Kolm L\u00f5vi Tr\u00fckikeskus kilekotid Rinnam\u00e4rkide pakendid ja kinkekaardid","robots":{"index":"index","follow":"follow","max-snippet":"max-snippet:-1","max-image-preview":"max-image-preview:large","max-video-preview":"max-video-preview:-1"},"canonical":"https:\/\/kolmlovitrykikeskus.ee\/?page_id=1800","og_locale":"et_EE","og_type":"article","og_title":"Pakendid - Kolm L\u00f5vi Tr\u00fckikeskus","og_description":"Pakendid Kolm L\u00f5vi Tr\u00fckikeskus kilekotid Rinnam\u00e4rkide pakendid ja kinkekaardid","og_url":"https:\/\/kolmlovitrykikeskus.ee\/?page_id=1800","og_site_name":"Kolm L\u00f5vi Tr\u00fckikeskus","article_publisher":"https:\/\/www.facebook.com\/kolmlovitrykikeskus","article_modified_time":"2025-01-09T08:17:01+00:00","og_image":[{"width":657,"height":574,"url":"https:\/\/kolmlovitrykikeskus.ee\/wp-content\/uploads\/2024\/01\/etiketidkartonplastik.jpg","type":"image\/jpeg"}],"twitter_card":"summary_large_image","twitter_misc":{"Est. reading time":"3 minutit"},"schema":{"@context":"https:\/\/schema.org","@graph":[{"@type":"WebPage","@id":"https:\/\/kolmlovitrykikeskus.ee\/?page_id=1800","url":"https:\/\/kolmlovitrykikeskus.ee\/?page_id=1800","name":"Pakendid - Kolm L\u00f5vi Tr\u00fckikeskus","isPartOf":{"@id":"https:\/\/kolmlovitrykikeskus.ee\/#website"},"primaryImageOfPage":{"@id":"https:\/\/kolmlovitrykikeskus.ee\/?page_id=1800#primaryimage"},"image":{"@id":"https:\/\/kolmlovitrykikeskus.ee\/?page_id=1800#primaryimage"},"thumbnailUrl":"https:\/\/kolmlovitrykikeskus.ee\/wp-content\/uploads\/2024\/01\/etiketidkartonplastik.jpg","datePublished":"2024-08-23T09:37:32+00:00","dateModified":"2025-01-09T08:17:01+00:00","description":"Pakendid Kolm L\u00f5vi Tr\u00fckikeskus kilekotid Rinnam\u00e4rkide pakendid ja kinkekaardid","breadcrumb":{"@id":"https:\/\/kolmlovitrykikeskus.ee\/?page_id=1800#breadcrumb"},"inLanguage":"et","potentialAction":[{"@type":"ReadAction","target":["https:\/\/kolmlovitrykikeskus.ee\/?page_id=1800"]}]},{"@type":"ImageObject","inLanguage":"et","@id":"https:\/\/kolmlovitrykikeskus.ee\/?page_id=1800#primaryimage","url":"https:\/\/kolmlovitrykikeskus.ee\/wp-content\/uploads\/2024\/01\/etiketidkartonplastik.jpg","contentUrl":"https:\/\/kolmlovitrykikeskus.ee\/wp-content\/uploads\/2024\/01\/etiketidkartonplastik.jpg","width":657,"height":574,"caption":"etiketid,kartongplastik"},{"@type":"BreadcrumbList","@id":"https:\/\/kolmlovitrykikeskus.ee\/?page_id=1800#breadcrumb","itemListElement":[{"@type":"ListItem","position":1,"name":"Home","item":"https:\/\/kolmlovitrykikeskus.ee\/"},{"@type":"ListItem","position":2,"name":"Pakendid"}]},{"@type":"WebSite","@id":"https:\/\/kolmlovitrykikeskus.ee\/#website","url":"https:\/\/kolmlovitrykikeskus.ee\/","name":"Kolm L\u00f5vi Tr\u00fckikeskus","description":"Leiame lahenduse!","publisher":{"@id":"https:\/\/kolmlovitrykikeskus.ee\/#organization"},"potentialAction":[{"@type":"SearchAction","target":{"@type":"EntryPoint","urlTemplate":"https:\/\/kolmlovitrykikeskus.ee\/?s={search_term_string}"},"query-input":{"@type":"PropertyValueSpecification","valueRequired":true,"valueName":"search_term_string"}}],"inLanguage":"et"},{"@type":"Organization","@id":"https:\/\/kolmlovitrykikeskus.ee\/#organization","name":"Kolm L\u00f5vi Tr\u00fckikeskus","url":"https:\/\/kolmlovitrykikeskus.ee\/","logo":{"@type":"ImageObject","inLanguage":"et","@id":"https:\/\/kolmlovitrykikeskus.ee\/#\/schema\/logo\/image\/","url":"https:\/\/kolmlovitrykikeskus.ee\/wp-content\/uploads\/2023\/12\/cropped-kltk-logo.png","contentUrl":"https:\/\/kolmlovitrykikeskus.ee\/wp-content\/uploads\/2023\/12\/cropped-kltk-logo.png","width":640,"height":170,"caption":"Kolm L\u00f5vi Tr\u00fckikeskus"},"image":{"@id":"https:\/\/kolmlovitrykikeskus.ee\/#\/schema\/logo\/image\/"},"sameAs":["https:\/\/www.facebook.com\/kolmlovitrykikeskus"]}]}},"_links":{"self":[{"href":"https:\/\/kolmlovitrykikeskus.ee\/index.php?rest_route=\/wp\/v2\/pages\/1800","targetHints":{"allow":["GET"]}}],"collection":[{"href":"https:\/\/kolmlovitrykikeskus.ee\/index.php?rest_route=\/wp\/v2\/pages"}],"about":[{"href":"https:\/\/kolmlovitrykikeskus.ee\/index.php?rest_route=\/wp\/v2\/types\/page"}],"author":[{"embeddable":true,"href":"https:\/\/kolmlovitrykikeskus.ee\/index.php?rest_route=\/wp\/v2\/users\/5"}],"replies":[{"embeddable":true,"href":"https:\/\/kolmlovitrykikeskus.ee\/index.php?rest_route=%2Fwp%2Fv2%2Fcomments&post=1800"}],"version-history":[{"count":20,"href":"https:\/\/kolmlovitrykikeskus.ee\/index.php?rest_route=\/wp\/v2\/pages\/1800\/revisions"}],"predecessor-version":[{"id":4331,"href":"https:\/\/kolmlovitrykikeskus.ee\/index.php?rest_route=\/wp\/v2\/pages\/1800\/revisions\/4331"}],"wp:attachment":[{"href":"https:\/\/kolmlovitrykikeskus.ee\/index.php?rest_route=%2Fwp%2Fv2%2Fmedia&parent=1800"}],"curies":[{"name":"wp","href":"https:\/\/api.w.org\/{rel}","templated":true}]}}